[INFO] cloning repository https://github.com/bic-potato/JavaVersionManager
[INFO] running `Command { std: "git" "-c" "credential.helper=" "-c" "credential.helper=/workspace/cargo-home/bin/git-credential-null" "clone" "--bare" "https://github.com/bic-potato/JavaVersionManager" "/workspace/cache/git-repos/https%3A%2F%2Fgithub.com%2Fbic-potato%2FJavaVersionManager", kill_on_drop: false }`
[INFO] [stderr] Cloning into bare repository '/workspace/cache/git-repos/https%3A%2F%2Fgithub.com%2Fbic-potato%2FJavaVersionManager'...
[INFO] running `Command { std: "git" "rev-parse" "HEAD", kill_on_drop: false }`
[INFO] [stdout] 280fa31a08a537b367ec72c76035d9b38e090347
[INFO] checking bic-potato/JavaVersionManager against master#e6e4f7ed1589e03bc2f6c5931c1a72e7947e8682 for beta-170-4
[INFO] running `Command { std: "git" "clone" "/workspace/cache/git-repos/https%3A%2F%2Fgithub.com%2Fbic-potato%2FJavaVersionManager" "/workspace/builds/worker-5-tc2/source", kill_on_drop: false }`
[INFO] [stderr] Cloning into '/workspace/builds/worker-5-tc2/source'...
[INFO] [stderr] done.
[INFO] validating manifest of git repo https://github.com/bic-potato/JavaVersionManager on toolchain e6e4f7ed1589e03bc2f6c5931c1a72e7947e8682
[INFO] running `Command { std: CARGO_HOME="/workspace/cargo-home" RUSTUP_HOME="/workspace/rustup-home" "/workspace/cargo-home/bin/cargo" "+e6e4f7ed1589e03bc2f6c5931c1a72e7947e8682" "metadata" "--manifest-path" "Cargo.toml" "--no-deps", kill_on_drop: false }`
[INFO] started tweaking git repo https://github.com/bic-potato/JavaVersionManager
[INFO] removed 1 missing tests
[INFO] finished tweaking git repo https://github.com/bic-potato/JavaVersionManager
[INFO] tweaked toml for git repo https://github.com/bic-potato/JavaVersionManager written to /workspace/builds/worker-5-tc2/source/Cargo.toml
[INFO] crate git repo https://github.com/bic-potato/JavaVersionManager already has a lockfile, it will not be regenerated
[INFO] running `Command { std: CARGO_HOME="/workspace/cargo-home" RUSTUP_HOME="/workspace/rustup-home" "/workspace/cargo-home/bin/cargo" "+e6e4f7ed1589e03bc2f6c5931c1a72e7947e8682" "fetch" "--manifest-path" "Cargo.toml", kill_on_drop: false }`
[INFO] running `Command { std: "docker" "create" "-v" "/var/lib/crater-agent-workspace/builds/worker-5-tc2/target:/opt/rustwide/target:rw,Z" "-v" "/var/lib/crater-agent-workspace/builds/worker-5-tc2/source:/opt/rustwide/workdir:ro,Z" "-v" "/var/lib/crater-agent-workspace/cargo-home:/opt/rustwide/cargo-home:ro,Z" "-v" "/var/lib/crater-agent-workspace/rustup-home:/opt/rustwide/rustup-home:ro,Z" "-e" "SOURCE_DIR=/opt/rustwide/workdir" "-e" "CARGO_TARGET_DIR=/opt/rustwide/target" "-e" "CARGO_HOME=/opt/rustwide/cargo-home" "-e" "RUSTUP_HOME=/opt/rustwide/rustup-home" "-w" "/opt/rustwide/workdir" "-m" "1610612736" "--user" "0:0" "--network" "none" "ghcr.io/rust-lang/crates-build-env/linux@sha256:19e73879b68f455e41552ea35293514db52ea292d993f571636dbffedb77a1ee" "/opt/rustwide/cargo-home/bin/cargo" "+e6e4f7ed1589e03bc2f6c5931c1a72e7947e8682" "metadata" "--no-deps" "--format-version=1", kill_on_drop: false }`
[INFO] [stdout] 96635e295fc6ef29d496fdaeaed77621481c4c192b2232941e6f2cd1410345e1
[INFO] running `Command { std: "docker" "start" "-a" "96635e295fc6ef29d496fdaeaed77621481c4c192b2232941e6f2cd1410345e1", kill_on_drop: false }`
[INFO] running `Command { std: "docker" "inspect" "96635e295fc6ef29d496fdaeaed77621481c4c192b2232941e6f2cd1410345e1", kill_on_drop: false }`
[INFO] running `Command { std: "docker" "rm" "-f" "96635e295fc6ef29d496fdaeaed77621481c4c192b2232941e6f2cd1410345e1", kill_on_drop: false }`
[INFO] [stdout] 96635e295fc6ef29d496fdaeaed77621481c4c192b2232941e6f2cd1410345e1
[INFO] running `Command { std: "docker" "create" "-v" "/var/lib/crater-agent-workspace/builds/worker-5-tc2/target:/opt/rustwide/target:rw,Z" "-v" "/var/lib/crater-agent-workspace/builds/worker-5-tc2/source:/opt/rustwide/workdir:ro,Z" "-v" "/var/lib/crater-agent-workspace/cargo-home:/opt/rustwide/cargo-home:ro,Z" "-v" "/var/lib/crater-agent-workspace/rustup-home:/opt/rustwide/rustup-home:ro,Z" "-e" "SOURCE_DIR=/opt/rustwide/workdir" "-e" "CARGO_TARGET_DIR=/opt/rustwide/target" "-e" "CARGO_INCREMENTAL=0" "-e" "RUST_BACKTRACE=full" "-e" "RUSTFLAGS=--cap-lints=forbid" "-e" "RUSTDOCFLAGS=--cap-lints=forbid" "-e" "CARGO_HOME=/opt/rustwide/cargo-home" "-e" "RUSTUP_HOME=/opt/rustwide/rustup-home" "-w" "/opt/rustwide/workdir" "-m" "1610612736" "--user" "0:0" "--network" "none" "ghcr.io/rust-lang/crates-build-env/linux@sha256:19e73879b68f455e41552ea35293514db52ea292d993f571636dbffedb77a1ee" "/opt/rustwide/cargo-home/bin/cargo" "+e6e4f7ed1589e03bc2f6c5931c1a72e7947e8682" "check" "--frozen" "--all" "--all-targets" "--message-format=json", kill_on_drop: false }`
[INFO] [stdout] 5f4a2bf891f794e756330cd96c3d5a871e6e65d9077278662fff31b5b86d8a25
[INFO] running `Command { std: "docker" "start" "-a" "5f4a2bf891f794e756330cd96c3d5a871e6e65d9077278662fff31b5b86d8a25", kill_on_drop: false }`
[INFO] [stderr]    Compiling libc v0.2.139
[INFO] [stderr]    Compiling proc-macro2 v1.0.49
[INFO] [stderr]    Compiling unicode-ident v1.0.6
[INFO] [stderr]    Compiling syn v1.0.86
[INFO] [stderr]     Checking once_cell v1.17.0
[INFO] [stderr]    Compiling typenum v1.16.0
[INFO] [stderr]    Compiling generic-array v0.14.6
[INFO] [stderr]     Checking itoa v1.0.1
[INFO] [stderr]     Checking bytes v1.1.0
[INFO] [stderr]    Compiling futures-core v0.3.19
[INFO] [stderr]    Compiling serde_derive v1.0.135
[INFO] [stderr]    Compiling futures-task v0.3.19
[INFO] [stderr]    Compiling indexmap v1.8.0
[INFO] [stderr]    Compiling openssl v0.10.38
[INFO] [stderr]     Checking foreign-types-shared v0.1.1
[INFO] [stderr]    Compiling quote v1.0.15
[INFO] [stderr]    Compiling serde v1.0.135
[INFO] [stderr]     Checking subtle v2.4.1
[INFO] [stderr]    Compiling futures-util v0.3.19
[INFO] [stderr]     Checking http v0.2.6
[INFO] [stderr]     Checking foreign-types v0.3.2
[INFO] [stderr]    Compiling jobserver v0.1.25
[INFO] [stderr]     Checking tracing-core v0.1.21
[INFO] [stderr]    Compiling futures-channel v0.3.19
[INFO] [stderr]    Compiling native-tls v0.2.8
[INFO] [stderr]    Compiling cc v1.0.72
[INFO] [stderr]    Compiling httparse v1.5.1
[INFO] [stderr]     Checking futures-sink v0.3.19
[INFO] [stderr]     Checking futures-io v0.3.21
[INFO] [stderr]     Checking matches v0.1.9
[INFO] [stderr]     Checking hashbrown v0.11.2
[INFO] [stderr]     Checking parking_lot_core v0.8.5
[INFO] [stderr]     Checking signal-hook-registry v1.4.0
[INFO] [stderr]     Checking parking_lot v0.11.2
[INFO] [stderr]     Checking mio v0.7.14
[INFO] [stderr]     Checking num_cpus v1.13.1
[INFO] [stderr]     Checking block-buffer v0.10.3
[INFO] [stderr]     Checking crypto-common v0.1.6
[INFO] [stderr]     Checking digest v0.10.6
[INFO] [stderr]     Checking tracing v0.1.29
[INFO] [stderr]     Checking tinyvec v1.5.1
[INFO] [stderr]    Compiling proc-macro-error-attr v1.0.4
[INFO] [stderr]     Checking regex-syntax v0.6.25
[INFO] [stderr]     Checking openssl-probe v0.1.5
[INFO] [stderr]     Checking cpufeatures v0.2.5
[INFO] [stderr]    Compiling io-lifetimes v1.0.3
[INFO] [stderr]     Checking try-lock v0.2.3
[INFO] [stderr]     Checking want v0.3.0
[INFO] [stderr]     Checking form_urlencoded v1.0.1
[INFO] [stderr]    Compiling openssl-sys v0.9.72
[INFO] [stderr]    Compiling zstd-sys v2.0.4+zstd.1.5.2
[INFO] [stderr]     Checking unicode-normalization v0.1.19
[INFO] [stderr]    Compiling bzip2-sys v0.1.11+1.0.8
[INFO] [stderr]     Checking http-body v0.4.4
[INFO] [stderr]     Checking terminal_size v0.1.17
[INFO] [stderr]     Checking socket2 v0.4.2
[INFO] [stderr]    Compiling proc-macro-error v1.0.4
[INFO] [stderr]     Checking tower-service v0.3.1
[INFO] [stderr]     Checking regex v1.5.4
[INFO] [stderr]    Compiling serde_json v1.0.91
[INFO] [stderr]     Checking unicode-bidi v0.3.7
[INFO] [stderr]     Checking unicode-width v0.1.9
[INFO] [stderr]     Checking ryu v1.0.9
[INFO] [stderr]    Compiling rustix v0.36.6
[INFO] [stderr]    Compiling zstd-safe v5.0.2+zstd.1.5.2
[INFO] [stderr]    Compiling encoding_rs v0.8.30
[INFO] [stderr]     Checking itoa v0.4.8
[INFO] [stderr]     Checking httpdate v1.0.2
[INFO] [stderr]     Checking idna v0.2.3
[INFO] [stderr]     Checking console v0.15.0
[INFO] [stderr]     Checking linux-raw-sys v0.1.4
[INFO] [stderr]     Checking number_prefix v0.4.0
[INFO] [stderr]    Compiling portable-atomic v0.3.19
[INFO] [stderr]    Compiling time-core v0.1.0
[INFO] [stderr]     Checking rand_core v0.6.4
[INFO] [stderr]     Checking base64ct v1.5.3
[INFO] [stderr]     Checking miniz_oxide v0.6.2
[INFO] [stderr]    Compiling time-macros v0.2.6
[INFO] [stderr]     Checking password-hash v0.4.2
[INFO] [stderr]     Checking url v2.2.2
[INFO] [stderr]     Checking sha2 v0.10.6
[INFO] [stderr]     Checking hmac v0.12.1
[INFO] [stderr]     Checking cipher v0.3.0
[INFO] [stderr]     Checking ipnet v2.3.1
[INFO] [stderr]     Checking os_str_bytes v6.0.0
[INFO] [stderr]    Compiling heck v0.4.0
[INFO] [stderr]     Checking opaque-debug v0.3.0
[INFO] [stderr]     Checking aes v0.7.5
[INFO] [stderr]     Checking clap_lex v0.3.0
[INFO] [stderr]     Checking pbkdf2 v0.11.0
[INFO] [stderr]     Checking flate2 v1.0.25
[INFO] [stderr]     Checking time v0.3.17
[INFO] [stderr]     Checking indicatif v0.16.2
[INFO] [stderr]     Checking sha1 v0.10.5
[INFO] [stderr]     Checking strsim v0.10.0
[INFO] [stderr]     Checking json v0.12.4
[INFO] [stderr]     Checking dotenv v0.15.0
[INFO] [stderr]     Checking indicatif v0.17.2
[INFO] [stderr]     Checking is-terminal v0.4.2
[INFO] [stderr]    Compiling tokio-macros v1.7.0
[INFO] [stderr]    Compiling clap_derive v4.0.21
[INFO] [stderr]     Checking bzip2 v0.4.3
[INFO] [stderr]     Checking tokio v1.16.1
[INFO] [stderr]     Checking clap v4.0.32
[INFO] [stderr]     Checking zstd v0.11.2+zstd.1.5.2
[INFO] [stderr]     Checking zip v0.6.3
[INFO] [stderr]     Checking tokio-util v0.6.9
[INFO] [stderr]     Checking tokio-native-tls v0.3.0
[INFO] [stderr]     Checking h2 v0.3.11
[INFO] [stderr]     Checking serde_urlencoded v0.7.1
[INFO] [stderr]     Checking toml v0.5.8
[INFO] [stderr]     Checking hyper v0.14.16
[INFO] [stderr]     Checking hyper-tls v0.5.0
[INFO] [stderr]     Checking reqwest v0.11.9
[INFO] [stderr]     Checking download_rs_reborned v0.2.2
[INFO] [stderr]     Checking jvmain v0.2.0 (/opt/rustwide/workdir)
[INFO] [stdout] error[E0433]: failed to resolve: use of undeclared crate or module `utils`
[INFO] [stdout]  --> tests/parser_test.rs:9:9
[INFO] [stdout]   |
[INFO] [stdout] 9 |     use utils::release_utils::ReleasePraser;
[INFO] [stdout]   |         ^^^^^ use of undeclared crate or module `utils`
[INFO] [stdout] 
[INFO] [stdout] 
[INFO] [stdout] error[E0432]: unresolved import `java_remote`
[INFO] [stdout]   --> tests/parser_test.rs:10:9
[INFO] [stdout]    |
[INFO] [stdout] 10 |     use java_remote;
[INFO] [stdout]    |         ^^^^^^^^^^^ no external crate `java_remote`
[INFO] [stdout] 
[INFO] [stdout] 
[INFO] [stdout] error[E0412]: cannot find type `JsonInfo` in this scope
[INFO] [stdout]   --> tests/parser_test.rs:21:24
[INFO] [stdout]    |
[INFO] [stdout] 21 |         let result:Vec<JsonInfo> = serde_json::from_str(json).unwrap();
[INFO] [stdout]    |                        ^^^^^^^^ not found in this scope
[INFO] [stdout]    |
[INFO] [stdout] help: you might be missing a type parameter
[INFO] [stdout]    |
[INFO] [stdout] 19 |     fn json_parser<JsonInfo>(){
[INFO] [stdout]    |                   ++++++++++
[INFO] [stdout] 
[INFO] [stdout] 
[INFO] [stdout] error[E0433]: failed to resolve: use of undeclared crate or module `praser`
[INFO] [stdout]   --> tests/parser_test.rs:15:20
[INFO] [stdout]    |
[INFO] [stdout] 15 |         let dic  = praser::prase();
[INFO] [stdout]    |                    ^^^^^^ use of undeclared crate or module `praser`
[INFO] [stdout] 
[INFO] [stdout] 
[INFO] [stdout] error[E0433]: failed to resolve: could not find `windows` in `os`
[INFO] [stdout]    --> src/java_ver.rs:191:39
[INFO] [stdout]     |
[INFO] [stdout] 191 |                 let result = std::os::windows::fs::symlink_dir(&path, &current_location);
[INFO] [stdout]     |                                       ^^^^^^^ could not find `windows` in `os`
[INFO] [stdout] 
[INFO] [stdout] 
[INFO] [stdout] error[E0433]: failed to resolve: could not find `windows` in `os`
[INFO] [stdout]    --> src/java_ver.rs:191:39
[INFO] [stdout]     |
[INFO] [stdout] 191 |                 let result = std::os::windows::fs::symlink_dir(&path, &current_location);
[INFO] [stdout]     |                                       ^^^^^^^ could not find `windows` in `os`
[INFO] [stdout] 
[INFO] [stdout] 
[INFO] [stdout] error[E0433]: failed to resolve: could not find `windows` in `os`
[INFO] [stdout]    --> src/java_ver.rs:191:39
[INFO] [stdout]     |
[INFO] [stdout] 191 |                 let result = std::os::windows::fs::symlink_dir(&path, &current_location);
[INFO] [stdout]     |                                       ^^^^^^^ could not find `windows` in `os`
[INFO] [stdout] 
[INFO] [stdout] 
[INFO] [stdout] error[E0308]: mismatched types
[INFO] [stdout]     --> tests/parser_test.rs:21:57
[INFO] [stdout]      |
[INFO] [stdout] 21   |         let result:Vec<JsonInfo> = serde_json::from_str(json).unwrap();
[INFO] [stdout]      |                                    -------------------- ^^^^ expected `&str`, found `Result<File, Error>`
[INFO] [stdout]      |                                    |
[INFO] [stdout]      |                                    arguments to this function are incorrect
[INFO] [stdout]      |
[INFO] [stdout]      = note: expected reference `&str`
[INFO] [stdout]                      found enum `Result<File, futures_io::Error>`
[INFO] [stdout] note: function defined here
[INFO] [stdout]     --> /opt/rustwide/cargo-home/registry/src/index.crates.io-6f17d22bba15001f/serde_json-1.0.91/src/de.rs:2601:8
[INFO] [stdout]      |
[INFO] [stdout] 2601 | pub fn from_str<'a, T>(s: &'a str) -> Result<T>
[INFO] [stdout]      |        ^^^^^^^^
[INFO] [stdout] 
[INFO] [stdout] 
[INFO] [stdout] error: aborting due to 5 previous errors
[INFO] [stdout] 
[INFO] [stdout] 
[INFO] [stdout] Some errors have detailed explanations: E0308, E0412, E0432, E0433.
[INFO] [stdout] 
[INFO] [stdout] For more information about an error, try `rustc --explain E0308`.
[INFO] [stdout] 
[INFO] [stderr] error: could not compile `jvmain` (test "parser_test") due to 6 previous errors
[INFO] [stdout] error[E0433]: failed to resolve: could not find `windows` in `os`
[INFO] [stdout]    --> src/java_ver.rs:191:39
[INFO] [stdout]     |
[INFO] [stdout] 191 |                 let result = std::os::windows::fs::symlink_dir(&path, &current_location);
[INFO] [stdout]     |                                       ^^^^^^^ could not find `windows` in `os`
[INFO] [stdout] 
[INFO] [stdout] 
[INFO] [stderr] warning: build failed, waiting for other jobs to finish...
[INFO] [stdout] error: aborting due to previous error
[INFO] [stdout] 
[INFO] [stdout] 
[INFO] [stdout] For more information about this error, try `rustc --explain E0433`.
[INFO] [stdout] 
[INFO] [stderr] error: could not compile `jvmain` (bin "jvmain") due to 2 previous errors
[INFO] [stdout] error: aborting due to previous error
[INFO] [stdout] 
[INFO] [stdout] 
[INFO] [stdout] For more information about this error, try `rustc --explain E0433`.
[INFO] [stdout] 
[INFO] [stderr] error: could not compile `jvmain` (bin "jvmain" test) due to 2 previous errors
[INFO] [stdout] error: aborting due to previous error
[INFO] [stdout] 
[INFO] [stdout] 
[INFO] [stdout] For more information about this error, try `rustc --explain E0433`.
[INFO] [stdout] 
[INFO] [stderr] error: could not compile `jvmain` (lib) due to 2 previous errors
[INFO] [stdout] error: aborting due to previous error
[INFO] [stdout] 
[INFO] [stdout] 
[INFO] [stdout] For more information about this error, try `rustc --explain E0433`.
[INFO] [stdout] 
[INFO] [stderr] error: could not compile `jvmain` (lib test) due to 2 previous errors
[INFO] running `Command { std: "docker" "inspect" "5f4a2bf891f794e756330cd96c3d5a871e6e65d9077278662fff31b5b86d8a25", kill_on_drop: false }`
[INFO] running `Command { std: "docker" "rm" "-f" "5f4a2bf891f794e756330cd96c3d5a871e6e65d9077278662fff31b5b86d8a25", kill_on_drop: false }`
[INFO] [stdout] 5f4a2bf891f794e756330cd96c3d5a871e6e65d9077278662fff31b5b86d8a25
